4*z - 129. What is the greatest common factor of u and 10?
10
Let c(r) = r**3 + 3*r**2 - 3*r - 3. Let x be c(-3). Let q be ((-32)/(-6))/4*x. What is the greatest common factor of 24 and q?
8
Suppose 0 = 5*m + 4*t - 3, m = 2*t - 0*t + 9. Suppose 0 = m*l + l - 8. What is the highest common factor of 16 and l?
2
Let z = -27 + 107. What is the highest common factor of z and 32?
16
Let p = -141 - -204. What is the highest common divisor of p and 42?
21
Let z be (-224)/(-6)*3/1. Let t = -114 - -184. Suppose 4*f + t = 8*f - 3*d, 5*f + 3*d - 74 = 0. Calculate the highest common divisor of f and z.
16
Let u be (-3)/2 - (-243)/18. Calculate the highest common divisor of 120 and u.
12
Suppose -21 = 3*p - 6*p. Suppose 4*f - 5*b - 219 = 58, 3*f + 5*b = 164. What is the highest common divisor of f and p?
7
Let p(g) = -19*g + 7. Let f(i) = 18*i - 6. Let a(o) = 6*f(o) + 5*p(o). Let s be a(1). Suppose 10*x + 14 = 44. Calculate the highest common divisor of x and s.
3
Let b be (-2883)/62*4/(-6). Calculate the highest common divisor of 279 and b.
31
Let n = -13 + 23. Let z(w) = w**2 - 5*w - 14. Let q be z(n). What is the highest common factor of q and 4?
4
Let f be 1/2*0/(-3). Suppose f*s = -s + 2. Let p be 3 + 1 - 2/2. What is the highest common divisor of p and s?
1
Suppose 0 = -2*q - 2*q + 120. What is the greatest common divisor of q and 20?
10
Let q be (12/2)/3 - -2. Suppose 0 = x - q*a - 13, -150 = x - 6*x + 3*a. Calculate the highest common factor of x and 11.
11
Let t be 2/(-8)*0 + 8. Suppose z + 21 = 4*a, -6*z - 20 = -2*z. Suppose 5*y = -2*x + 7, -a*y - 50 - 18 = -3*x. Calculate the greatest common divisor of t and x.
8
Let j be ((-3)/(-9))/(2/54). Let i be 14/(-18) + (-2)/j. Let t = 13 - i. Calculate the greatest common factor of 14 and t.
14
Let u be (-4 + 12)*(4 + -2). Calculate the highest common divisor of u and 144.
16
Let y(q) = -q**3 - q**2 + 2*q + 4. Let c be y(-2). Let u(i) = 15*i. Let t be u(c). Let z = 24 + -9. Calculate the highest common factor of t and z.
15
Let x = 153 - 88. What is the highest common divisor of 13 and x?
13
Let i = 191 + -114. What is the greatest common divisor of i and 7?
7
Let t = 17 + -12. Let i = t + -8. Let r be (-18)/(-15)*(-40)/i. What is the highest common divisor of 48 and r?
16
Suppose 0 = 5*g + 5 - 15. Calculate the greatest common divisor of g and 18.
2
Let g be ((-3)/(-2))/(2/12). What is the highest common factor of g and 3?
3
Let k(o) = 13*o + 4. Let m be k(4). Calculate the greatest common factor of 8 and m.
8
Suppose -y + 5*n - 24 = 0, 3*y + 2*n = -2*n + 4. Let b be (y + -41)*(-2)/3. What is the greatest common divisor of b and 10?
10
Suppose i = -6 + 66. Suppose -i = -4*w + 72. What is the highest common divisor of 11 and w?
11
Suppose -7*y - 5*q = -2*y - 35, -2*y + q + 20 = 0. What is the highest common factor of 3 and y?
3
Suppose 4*o - o = 9. Suppose 4*q = d - 0*q - 10, -3*q = o*d. Let m = -156 + 164. Calculate the greatest common factor of m and d.
2
Suppose 2*g - 15 = g - 4*x, -5*g = -2*x - 9. Suppose g = 3*l - 0, -2*q + 123 = -5*l. What is the highest common factor of 8 and q?
8
Let q = -74 - -110. Let m be (-1)/((2/3)/2). Let l(w) = -w**3 - w**2 + 2*w - 3. Let b be l(m). What is the greatest common divisor of q and b?
9
Suppose 56 = 5*q - 4*p, 0*q - 2*p = -5*q + 58. Suppose 0 = 5*y - 2*d - 234, -5*y = -d + 15 - 252. What is the greatest common factor of q and y?
12
Let s = -9 - -15. Suppose -6 = -2*y + 3*h + 3, -h - 23 = -4*y. Calculate the highest common divisor of s and y.
6
Let p be 3/(6/(-2))*-70. What is the greatest common divisor of 14 and p?
14
Let p = -61 + 36. Let r = p - -50. Calculate the greatest common divisor of r and 125.
25
Let n = -81 + 116. Suppose -38 - 27 = -5*w. Let d = w - 6. What is the greatest common divisor of d and n?
7
Suppose 5*d = d - 252. Let v be 2 - (2 + d)/1. Let j = -34 - -43. What is the highest common divisor of j and v?
9
Suppose -3*o - 26 = -125. What is the greatest common factor of o and 363?
33
Suppose u - 153 = -4*n - 0*u, 4*n + 4*u = 144. Calculate the highest common divisor of 156 and n.
39
Let c(i) = -i**2 + 10*i + 2. Let n be c(8). Let q be 40*(n/15 - -2). Suppose 0 = 4*f + 12, -5*r + 68 = -0*r + 4*f. What is the highest common factor of r and q?
16
Let r(s) = -s**2 + 4*s - 9. Let y be r(8). Let p = y + 66. What is the highest common factor of 5 and p?
5
Let r(b) = b**3 - b**2 - b. Let a be r(2). Let m(v) be the first derivative of v**2/2 + 5*v - 3. Let t be m(-4). What is the highest common factor of t and a?
1
Let v be 2/(-3) + 299/3. Suppose 3*y - 9 = 2*y. Calculate the greatest common factor of v and y.
9
Let j = -106 - -132. Let h(p) = -p**3 + 9*p**2 - 7*p - 1. Let v be h(6). Calculate the highest common divisor of j and v.
13
Let y(a) = 10*a - 3. Let w be y(1). Calculate the highest common divisor of w and 77.
7
Suppose -7 - 1 = 4*u, -5*k + 212 = 4*u. Calculate the greatest common divisor of k and 11.
11
Let s = 4 - -14. Suppose -2*z = -z - 4*b - s, -42 = -5*z - 4*b. Calculate the highest common factor of 1 and z.
1
Let a(o) = -3*o**3 + 1. Let w be a(-1). Let z be (-10)/w*(-264)/30. Calculate the highest common divisor of 11 and z.
11
Let x(y) = 3*y**2 + 12*y + 8. Let q be x(-4). Let w be (-34)/(-9) + 6/27. What is the highest common divisor of w and q?
4
Suppose -4 = -2*n + n. Let h = n - 4. Suppose f = -h*f + 22. What is the highest common factor of 55 and f?
11
Suppose -5*h + 12 = -h + g, h + 5*g = 3. Suppose 2*t + 21 = 23. Calculate the highest common factor of h and t.
1
Let x = 321 + -216. What is the highest common factor of x and 21?
21
Suppose 3*a - 24 = -0*a. Suppose -1 = -3*q + 2. Let h be -2 + (2 + 1)/q. Calculate the greatest common factor of h and a.
1
Suppose 54 = k + 3*b, -k + 264 = 3*k - 4*b. Suppose -3*m - 4*r - 24 = -7*m, 9 = 2*m - 3*r. What is the greatest common factor of k and m?
9
Suppose g - 9 + 3 = 0. Suppose a + 140 = g*a. Suppose 5*x + 3*c - 105 = 0, 0 = 4*x + 5*c - a - 56. What is the highest common factor of x and 7?
7
Let r(y) = -y**3 + 7*y**2 + 6*y + 7. Let u be r(6). Let i = 290 - 51. Suppose 0 = -2*b + i - u. Calculate the highest common divisor of b and 32.
16
Suppose 4*p - 14 = 178. Suppose -4*r - p = -8*r. What is the greatest common factor of 30 and r?
6
Let r(y) = -y**3 - y**2 + 4*y + 3. Let c be r(-3). Calculate the highest common divisor of 99 and c.
9
Suppose 2*q = 3*q - 3. Calculate the greatest common factor of q and 27.
3
Suppose 2*i - 96 = -0*p + 4*p, 0 = -p + 4*i - 38. Let r be p/(-4) + (-3)/(-2). Calculate the highest common divisor of 35 and r.
7
Let w(s) = 32*s + 1. Let n be w(3). Let u be (-6)/(-27) - n/(-9). Calculate the highest common factor of 77 and u.
11
Suppose 2*f + 3*q = -2*q + 20, 4*f + 5*q - 30 = 0. What is the highest common divisor of 5 and f?
5
Suppose 0 = o - 4 - 8. Let a be 46 - 2/(2/(-2)). Calculate the greatest common factor of o and a.
12
Suppose a + 3*a - 64 = 0. Let v = -4 - -36. Calculate the highest common divisor of v and a.
16
Suppose 5*r - 8 = -x, x + 2 = -4*r + 10. Let h = -5 + x. Suppose 5*n - q + 4*q = 65, 0 = -2*n - h*q + 26. What is the highest common factor of 117 and n?
13
Let j = -77 - -82. What is the greatest common factor of 5 and j?
5
Suppose -56 = -5*k + k. Suppose -2*z + 4*s - 6 = 0, 4*z + s + 4*s - k = 0. Let i = 6 - z. Calculate the greatest common divisor of i and 40.
5
Let p(b) be the second derivative of 5*b**3/3 - b. Let j be p(4). Let g = 126 - 116. What is the greatest common divisor of j and g?
10
Let g = -10 + 21. Suppose 12*t = 5*t + 154. Calculate the greatest common divisor of g and t.
11
Let b be (-1 - 4)*5/(100/(-32)). Calculate the greatest common factor of 64 and b.
8
Let q be (11/(-22))/((-2)/(-196)). Let i = q - -337. Calculate the greatest common factor of 36 and i.
36
Let t = 2 - 0. Let y be t/((-2)/(-1)) - 2. Let n be (-16 + (0 - 0))*y. Calculate the greatest common divisor of 2 and n.
2
Suppose -6 = o + 3. Let c = o - -15. Calculate the highest common divisor of c and 54.
6
Let s = 178 + -70. Calculate the greatest common divisor of s and 12.
12
Suppose -4*y + 3*j - 13 + 33 = 0, 5*y + 2*j - 25 = 0. Suppose -y*h + 129 + 48 = -3*d, -5*d - 31 = -h. Calculate the highest common divisor of 9 and h.
9
Let j be (-1)/((-3)/(-102))*-1